18) + 502/i. Let z = l + -52. Is z prime?
True
Suppose -74 = -6*z + 100. Let u = 62 - z. Is u prime?
False
Suppose -2*x + 0 = -3*n + 14, 3*n - 8 = -4*x. Suppose 0 = 5*b - 20, 5*b - 664 = -n*d - 0*b. Is d a prime number?
False
Let y = 19971 - 11936. Is y a composite number?
True
Is 186920/16*84/30 prime?
False
Is 2266/(0 + -3 + 5) a prime number?
False
Let h = -6689 + 24880. Is h composite?
False
Let j(m) be the first derivative of 133*m**3/3 + 7*m**2/2 + 9*m + 22. Is j(-5) a prime number?
True
Let c(f) = 19*f**2 + 31*f + 27. Let u(j) = 9*j**2 + 15*j + 13. Let z(m) = -6*c(m) + 13*u(m). Let i be (8/10)/((-3)/30). Is z(i) a prime number?
True
Suppose 4*c - 3*t - 29318 = 0, -7*t + 4 = -5*t. Is c a composite number?
False
Let y = -18 - -6. Let t be (y/14)/(6/(-56)). Suppose v + 3*u - u = 453, -t = -4*u. Is v a composite number?
False
Is (-9295 + (4 - 2))*(-2 - -1) a composite number?
False
Let a = 4096 - -1461. Is a a prime number?
True
Let u = 28 + -23. Suppose u*b + 0*i = i + 5739, 5*i = b - 1167. Is b a composite number?
True
Suppose 762 = 3*i - 3*a, 0 = -5*i + 4*a - 0*a + 1268. Suppose 3*v + 4*p - 165 = 0, -5*v - p + 23 = -i. Is v composite?
True
Let c(p) = 18*p**3 - 1. Let y = 12 - 6. Suppose 3*b = 5*v - y, -5*v - 2*b + 15 = -6. Is c(v) composite?
True
Suppose 15721 = p + 5*b, 6*p - 2*b = p + 78713. Suppose 7*d = p + 4090. Is d a prime number?
True
Is (-103)/(-412)*(13629 - 1) a composite number?
False
Let o(k) = -100*k + 28. Let f be o(-12). Suppose -f = -98*c + 94*c. Is c composite?
False
Let f = 44028 - 20869. Is f prime?
True
Let p(b) = b**2 + 10*b. Let t be p(-8). Let c be (18/(-12))/((-3)/t). Is c/(-1)*49 - -3 prime?
False
Suppose w + 18 = q, 3*w - 113 = -5*q - 39. Suppose -4*o = 5*d - 11, 2*o - 4*d = -o + q. Suppose -o*y + 44 + 524 = 0. Is y a composite number?
True
Suppose h = -2*k - 1 - 5, -5 = 5*k. Is (-4)/h*596/4 prime?
True
Is 7/7 - (-1 + -154)*80 a prime number?
True
Let m(c) = -158*c**3 + 2*c + 1. Suppose 0 - 3 = 3*b. Let i be m(b). Suppose -5*q + 5328 = -i. Is q prime?
True
Let a = -14 - -34. Suppose d + 4*d = a. Suppose -3*t + 2*z + 132 = 0, -d*t - 3*z + 147 = -t. Is t composite?
True
Let z be 8 - -987 - (0 + -1). Suppose -5*i - q = -z, -5*i + 5*q + 685 + 335 = 0. Suppose 62 = 2*h - i. Is h composite?
False
Let d(t) = -2*t**3 + 3*t**2 - 16*t + 46. Is d(-11) a composite number?
True
Suppose 0*d + 21 = -7*d. Is (898/6)/(d/(-9)) a composite number?
False
Let m be 11/6 + 9/54. Suppose 5*p = -3*n + 30, 0*n + n = 3*p - 18. Suppose -i - m*q = -p*q - 149, 0 = 5*i - 5*q - 775. Is i prime?
True
Let c(v) be the first derivative of -2*v**2 - 7*v - 1 + 5/3*v**3. Is c(6) prime?
True
Let q be (-4)/1 - 3/(9/6). Let g(d) = -5*d**3 + d**2 - 19. Is g(q) prime?
True
Suppose -2*h + 5*l + 7 = -16, 0 = -3*h - 2*l + 25. Suppose -5*q - 154 = -3*m, -4*m - 4*q + 384 = 136. Let x = m - h. Is x composite?
True
Suppose -5*b - 40014 = -5*a + 29421, 5*b = -4*a + 55530. Is a composite?
True
Let h(y) = -2622*y + 31. Is h(-4) composite?
True
Suppose 68*x = 65*x + 9. Suppose -x*i + 3826 = 799. Is i prime?
True
Let m = 28 + -9. Suppose -3*b + 143 = 4*q, -2*b + 121 = q + m. Suppose 0 = 3*z + 3*i - 57, 0 = 3*z + i + 4*i - b. Is z a composite number?
True
Let o = 3 - 3. Let y be -2 + o/1 - -196. Suppose -763 = -3*i + y. Is i composite?
True
Suppose -3548 = 11*n - 14834. Let f = 2567 - n. Is f composite?
True
Suppose -15*y + 19*y = 7036. Is y composite?
False
Let s = 7570 - 2933. Is s prime?
True
Let k(h) = 57*h**2 + h - 23. Is k(7) composite?
False
Suppose 0 = 4*j + 5*u - 458663, -j + 3*u + 114647 = -2*u. Is j composite?
True
Let n(a) = 12*a**2 - 3*a + 3. Let f be n(2). Suppose r = 157 + f. Is r prime?
False
Suppose 60 = 16*p - 18*p. Let k = 40 + p. Is k composite?
True
Suppose y = 2, 5*a - 16137 = 4*a + 3*y. Is a composite?
True
Let t = 77 + -55. Let w be 4/(-6) - t/(-6). Suppose -500 = -4*i + 4*x, -w*i + 3*x + 371 = x. Is i prime?
False
Let l = 0 - 8. Let j be 1/(-2) - 4/l. Is 213 - (j + (3 - 1)) composite?
False
Let l = -14 + 19. Suppose -1 + l = j. Is (2/j)/(13/1534) a prime number?
True
Let n(h) = -1749*h**3 - 8*h**2 - 2*h + 2. Is n(-3) a prime number?
False
Suppose 7*p - 4*p - 69 = 0. Let l = p + -18. Suppose 0*y + l*s - 1002 = -2*y, -3*y + 4*s = -1549. Is y a composite number?
True
Let g = 2125 + -366. Is g composite?
False
Let m be (-1669)/(-2) + 3/6. Let z = 1792 + m. Is z composite?
True
Suppose 0 = -z - 2*y + 527, 0*y - 2053 = -4*z + 3*y. Let x = -998 + z. Let f = x - -698. Is f a composite number?
True
Let r(s) = s**3 - 2*s + 530. Suppose -y + 5*y - 3*g = 0, 0 = -5*y + 5*g. Let m be r(y). Let z = m - -139. Is z composite?
True
Is 20/(-340) - (-250056)/51 composite?
False
Is (50/15)/((-8)/(-300684)) a prime number?
False
Let n(f) = 6*f + 34. Is n(10) a composite number?
True
Let j = -12 - -10. Let q be (-3)/j + 453/6. Is q/(-28)*(3 - 23) composite?
True
Is (-60936)/36*(-36)/16*2 a prime number?
False
Let c = -9080 + 18171. Is c a composite number?
False
Suppose -2140 = -2*p + 3*j, -12*p + 4*j = -11*p - 1075. Is p a prime number?
False
Suppose 0 = -8*i + 52*i - 292028. Is i a prime number?
True
Let x be (-32)/(-12) - 4/(-12). Suppose -q + x = -0*q. Suppose 0 = -2*t - 3*g + 509, 2*g - 768 = -q*t - g. Is t a prime number?
False
Suppose 5*l - 410 = 470. Suppose -2*u = -l - 20. Suppose 216 = 2*h - u. Is h a prime number?
True
Is -51 - -42 - 4*-2759 prime?
True
Let v = 4476 - 1997. Is v a prime number?
False
Suppose 5*z = q + 161, 0*q - q - 169 = -z. Let j = 328 - q. Is j prime?
True
Is (-3)/9*62148/(-4) prime?
True
Let c = 763 + -414. Suppose p - 624 = 3*i, -3*p - i - i = -1828. Let s = p - c. Is s a composite number?
False
Suppose 3*a = i + a - 2, 3*i - 2*a + 10 = 0. Is 3518/6 - 4/i a composite number?
False
Is 169766*(-1)/(-8) + 2/8 composite?
False
Let a = -581 + 1546. Suppose 0 = -5*b - 0*b + a. Suppose 5*v + 4*u = -42 + 219, -5*v + 4*u = -b. Is v composite?
False
Let k(r) = r - 1. Let c(j) = -57*j**2 - 4*j + 5. Let m(a) = -c(a) + 2*k(a). Is m(2) composite?
False
Suppose 3*g + 0*g = 42. Let s = -9 + g. Suppose 5*b - 80 = -s*t, -5*b + 61 = -b + 5*t. Is b a composite number?
False
Suppose -16*h - 13 = -4*x - 19*h, -3*x = -h - 26. Suppose 2*q + n - 93 = 409, 0 = n - 4. Suppose -x*z + 6*z + q = 0. Is z composite?
True
Suppose -10*j = -33026 - 32444. Is j a composite number?
False
Let x(y) be the third derivative of -y**6/30 - y**5/12 - y**4/12 + 2*y**3/3 + 8*y**2. Is x(-5) a prime number?
True
Let j be 2 - (-5 + 2 - -2). Suppose 3*g - 3*v = 734 + 577, 0 = -j*v - 6. Let i = 766 - g. Is i a composite number?
False
Let o(b) be the second derivative of 5*b**4/4 + 2*b**3/3 + b**2/2 + 6*b. Let q be o(3). Suppose 4*l = 6*l - q. Is l a prime number?
False
Let l(r) = 7*r**2 - 10*r - 40. Is l(9) a prime number?
False
Is 225 - 5/(-3 + -2) a composite number?
True
Let a(x) = -2757*x - 8. Is a(-1) composite?
False
Let g = 321 + 1214. Is g a composite number?
True
Let d(f) be the second derivative of 353*f**3/3 - 7*f**2/2 - f. Is d(3) a composite number?
False
Let c(o) = -89*o + 17. Let u be c(-14). Suppose u = 5*w - 1132. Is w a prime number?
True
Let d(p) be the third derivative of p**8/2240 - p**7/5040 - p**6/240 - p**5/30 + p**2. Let k(m) be the third derivative of d(m). Is k(-4) composite?
True
Let a(c) = -c**2 + 27*c + 43. Is a(12) prime?
True
Let o(c) = -4*c**3 + 5*c**2 + 2*c - 4. Let m be o(-4). Let y be ((-2928)/18 - 3) + 2/3. Let k = y + m. Is k composite?
True
Let p(u) = 7*u**2 - 36*u - 166. Is p(-45) a composite number?
False
Let f(v) = 2*v - 59. Let k(s) = s - 30. Let c(o) = 2*f(o) - 5*k(o). Is c(13) a composite number?
False
Let k be 1 + -27 + 2/4*-4. Let a = 9 - k. Is a a prime number?
True
Let u = 21 - 9. Suppose -w - 4*a - 4 = 0, -2*w - a + 3*a + u = 0. Suppose -w*i + 5*x = x - 620, 0 = -3*i - x + 473. Is i a composite number?
False
Let q be 1017/(-6)*(-32)/12. Let h = 675 - q. Is h a prime number?
True
Suppose -131*w = -120*w - 169697. Is w prime?
True
Let u(x) = -2*x + 9 + 41*x**2 - 30 + 7*x. Is u(4) a prime number?
False
Let l(v) = -v**2 - 3*v - 1. Let c be l(-3). Is 0/7 + -674*c/2 a composite number?
False
Suppose 0 = 63*g - 5418784 - 1031471. Is g a prime number?
False
Let s(l) = -l**3 - 4*l**2 + 9*l - 5. Suppose -2*f = -7*f + 45. Suppose j + f = 4